 14. Let w(d) = -6*i(d) - 5*z(d). Let l be w(7). Let q = l + -506. Is q prime?
True
Let i(q) = 15*q**2 - 71*q + 5. Suppose -2 - 25 = -3*g. Is i(g) a prime number?
False
Let x = 107 - 45. Let h = x + -72. Is (-9)/15 + (-3796)/h prime?
True
Let i(s) = 2337*s**2 + 6*s + 821. Is i(-16) composite?
True
Suppose 0 = -2*i - 4*o + 106, -33 - 12 = -i + 2*o. Suppose 0 = -i*r + 50*r - 377. Is r composite?
True
Let y = -169948 + 271367. Is y prime?
True
Is ((-22)/55)/((-12)/487470) prime?
True
Let i(j) = -2*j**2 + 15*j - 9. Let h be i(7). Let t be (-1)/(-4 - 62/(-16)) + h. Is ((-290)/3 + -1)*(3 - t) a composite number?
False
Let u = -16404 - -45505. Is u a prime number?
True
Suppose 7 + 3 = -5*f. Let q be (2/(-5))/(f/10). Is 1863/15 + q/(-10) + 3 composite?
False
Let n(m) = -8*m - 8. Let a(k) = -7*k - 7. Let c(s) = -6*a(s) + 5*n(s). Let d be c(1). Suppose d*i - 140 = 864. Is i composite?
False
Let j = -67936 + 137127. Is j composite?
False
Let j = 18612 - -12043. Is j composite?
True
Let t be (-10)/((-22)/(-4) - 3 - 3). Suppose 0 = -a + 4*n - 9 - 21, 0 = 4*n - t. Is (223/(-2))/(((-5)/a)/(-1)) composite?
False
Suppose 0*i = 4*i - 2*x - 24, -x = -4. Suppose 13*k = i*k + 5195. Is k - (-2 - (-3 - -1)) a composite number?
False
Let c(i) = 568*i + 469*i + 226*i + 112*i + 45*i + 159. Is c(7) a composite number?
False
Let k be (-1 - 1) + -2551 + -5 + 2. Let t = 3702 + k. Suppose 0*y - 6*y = -t. Is y composite?
False
Suppose -21171479 + 51882918 = 361*v - 46316214. Is v a composite number?
True
Suppose -302*x + 89191263 = 97*x. Is x a composite number?
True
Suppose 7*c + 5*j + 113 = 9*c, -3*c + 163 = -j. Is (213 - 0)/(c/306) prime?
False
Let i(j) = -j**2 + 4*j + 8. Let p be i(5). Suppose -5*f + 4*a + 3940 = a, -p*f - 2*a + 2345 = 0. Is f/(-10)*(2 - 8) prime?
False
Let s be 3/(-2) - (-117)/26. Suppose -4*a + s*n = -13, 11 = 3*a - 7*a - 5*n. Is 34/119 + 920/14 + a composite?
False
Suppose 3*a - 2*f - 7 = 12, -3*a - 2*f = -35. Let g(r) = 377*r - 28. Let d be g(a). Suppose -3*b + 152 = j - 668, 0 = -4*j + 5*b + d. Is j composite?
True
Let s = -124 + 127. Suppose 0*z + s*z = -2*i + 6565, z = -3*i + 9844. Is i a prime number?
False
Let f be 1 + 2 + (227 - -4). Let c(w) = -w**2 + 6*w + 7. Let s be c(7). Suppose s = 2*z - f - 172. Is z composite?
True
Let j = 59 + -54. Let t = j + -8. Is 2 + -3 + 1851 + t a composite number?
False
Suppose -3124 = -t + j + 25380, -4*t - 5*j + 114025 = 0. Is t prime?
False
Suppose 0 = -2*w - 2*x + 22, 3*w + 2*x = 2*w + 9. Suppose -w*r = -12*r - 8261. Is r composite?
True
Let z = -601 - -1772. Suppose -1167*h = -z*h + 169716. Is h prime?
False
Let f(p) = 10*p**2 + 80*p - 2423. Is f(96) composite?
True
Let y(a) = 9*a**2 - 3*a + 8. Let v be y(6). Suppose 653 = h - v. Is h a prime number?
True
Let y(m) = 103*m**2 - 31*m - 395. Is y(51) a prime number?
False
Let f be -5 + ((-64)/(-8))/(2 - 1). Suppose 4*h - 3*q + 6182 = 28543, 0 = -2*h - f*q + 11185. Is h prime?
True
Suppose 16*k = 7*k - 144. Suppose 0 = 5*i - 7 + 2. Is (i/(-1))/(k/28112) a prime number?
False
Suppose 4*w + 91 + 505 = 0. Suppose 5*u - 1447 = 263. Let z = u - w. Is z prime?
True
Suppose -21*g - 268128 = -9*g - 1079052. Is g a composite number?
False
Suppose -8*h + 2110 = 398. Let q = h + 2220. Suppose 0 = 4*r - 2*r - q. Is r a prime number?
True
Suppose -8*b - 10375 = -41703. Let x = 7625 - b. Is x a composite number?
False
Let a(h) = 21*h**2 + 9*h - 17. Let n(i) = -i**3 + 7*i**2 + 8. Let u(o) = -o + 11. Let z be u(4). Let f be n(z). Is a(f) composite?
False
Suppose 1134*j - 1133*j - 5*r = 127444, -4*r + 8 = 0. Is j prime?
False
Let j(n) = 2*n - 1. Let m(c) = 1793*c - 192. Let q(l) = 3*j(l) + m(l). Is q(4) composite?
False
Let y = -319 - -319. Suppose -4*j + 2495 = -s, 4*j - 6*s + 10*s - 2480 = y. Is j prime?
False
Let z(f) = -7*f - f + f**3 + 4*f**2 - 8 + 0*f**3 + f. Let g be z(-5). Is g/17 - (-8734)/34 prime?
True
Let t(c) = -7325*c - 3. Let k be t(-1). Suppose 8*z + k = -6*z. Let u = z - -830. Is u a composite number?
False
Let w(g) = -g**2 + 10*g - 6. Let a be w(9). Let c be (0 + -1)*(-6 + a). Suppose h = 4, -c*o + 6*o - 5*h = 2875. Is o a prime number?
False
Let l(x) = 4*x**2 + 489 + 2*x**3 + 2*x**2 + 0*x**3 - 7*x - 478. Let u be l(5). Suppose -4*z = 0, 3*o - 4*z - u + 139 = 0. Is o prime?
True
Let v = -3169 - -1753. Let b be 9/(-45)*(v - -1). Let r = b + -156. Is r a composite number?
False
Is 11412317/1268 - ((-26)/(-8) + -2) composite?
False
Let c(z) = -5*z**2 - 29 + 6*z**2 + 10*z + 0*z**2. Suppose 68*p + 2490 - 858 = 0. Is c(p) composite?
False
Is 0 - -3 - ((-540176)/35)/((-10)/(-175)) a prime number?
False
Let n = 450562 - 254831. Is n prime?
True
Let z(q) = q - 1. Let d(p) = -4. Let h(x) = d(x) + 4*z(x). Let i be h(3). Suppose n - 2*n + 3026 = 5*w, 2*n - i*w - 6066 = 0. Is n a composite number?
True
Let m(g) = -6*g**3 + 408*g**2 + 54*g + 121. Is m(68) composite?
False
Let c(l) = 29*l**2 - 7*l - 15. Suppose a + n = 3*n - 12, 5*a + n = -5. Let b(m) = -m - 1. Let z(x) = a*b(x) + c(x). Is z(-5) composite?
True
Suppose 0 = -t - 2*j + 1798, 3*t = 5*j - 3*j + 5386. Let g = 5687 - t. Suppose -7*q + g - 1000 = 0. Is q prime?
False
Suppose 9 - 19 = -i. Suppose -i = 2*w, 5*j + 1077 = 6*j + 2*w. Is j a composite number?
False
Let u be (-2 - 3)*6/(-15). Suppose -u*c = -12632 + 1462. Suppose 31*v = 36*v - c. Is v a composite number?
False
Suppose 9838238 - 27234087 = -133*k + 48447796. Is k composite?
True
Let y(v) = -v**3 + 7*v**2 - 12*v + 38. Let l be y(6). Suppose -5*k = 3*t - 11868, 19808 = -l*t + 7*t - k. Is t prime?
False
Let s(o) = o - 2. Let d be s(14). Suppose -u = -3*u + d. Is (u - 1160)*1/(-3 - -2) a prime number?
False
Let p(u) = 27*u**3 + u**2 - u + 3. Let z be p(-3). Let i = z + 4911. Is i composite?
True
Let t be 43 - (18/27 - (-32)/6). Suppose -t*q = -3*q - 259726. Is q a composite number?
False
Let p(s) = 6*s - 225. Let q be p(-9). Is q/(-54)*-9*(-446)/3 a composite number?
True
Suppose 4*t = -0*t. Suppose -8*n + 15 = 3*i - 7*n, -2*n = 0. Suppose t = i*p + 1575 - 11710. Is p prime?
True
Let y(v) = v**2 + 13*v + 14. Let u be y(-16). Let w = u - 53. Is 3/w + 6648/9 a prime number?
True
Suppose 0 = 11*g - 6*g. Suppose 5 = -g*t + t. Suppose 3*o + 3*s = 137 - 23, -t*o - s = -186. Is o a composite number?
False
Is ((-490)/12)/(-49) + (-662)/24*-686 a composite number?
True
Let p = 24379 + -15236. Is p a prime number?
False
Is 406167/((-2 + 5 - 1)*168/112) a composite number?
False
Let g be (88/(-11))/(-3*4/(-18)). Is ((-4)/g)/((-6)/(-60354)) a composite number?
True
Suppose -15*v + 40 = 5*v. Suppose 1662 + 9766 = v*f. Is f composite?
True
Suppose -2*l + 4*l - 21372 = 0. Let m = l - 7616. Suppose -7*p + 12*p = m. Is p composite?
True
Let r be (-105)/(-280) + (-102986)/(-16). Suppose -29*s + r = -8904. Is s a prime number?
False
Suppose 0 = -5503*f + 5535*f - 862112. Is f a prime number?
False
Let v = 10 - 4. Suppose -3*m + 9 = 0, l - v = -5*m + 3*m. Is 942/(-9)*(-3 + l) prime?
False
Suppose 50*r = -32*r + 4659158. Is r composite?
True
Let a = 88 - 82. Suppose -4*q + 82 = -a*q. Let t = q + 220. Is t prime?
True
Suppose -2*r - r = 0. Suppose 2*p + 3*v - 586 - 624 = 0, r = 4*p - 3*v - 2384. Is (19 - 17)*p/2 composite?
False
Let u(z) = -z**2 - 10*z - 10. Let o be u(-9). Let f be (8/10 - 2)/(o/5). Let c(x) = 172*x + 9. Is c(f) a composite number?
True
Is (-532936 + 21)*(42/15 - 3) a composite number?
True
Suppose 0 = 85*o - 856935 + 648825 - 4644795. Is o a prime number?
False
Suppose -2*z + 13 = 9. Let p be ((-16)/(-16))/(z/16). Suppose -2*a + 0*a = -p, u + 3*a - 109 = 0. Is u composite?
False
Let t = 5 - -33. Let u(h) = 1 + 13*h + t - 24*h - 33*h. Is u(-16) a composite number?
False
Is (-1 - -4)*(-2 - -1) + 4370496/48 a prime number?
False
Let r(o) = -o**3 + 24*o**2 - 43*o + 37. Let j be r(22). Let i = j + 13044. Is i a prime number?
True
Let i(l) = 19*l**2 - 274*l - 327. Is i(-160) a prime number?
False
Let s(l) = -130*l**3 + 12*l**2 - 9*l + 94. Is s(-9) a prime number?
True
Let i = -38 + 70. Let n = i - 28. Suppose -4*f - 310 = -2*j, 5*f = j - n*j + 498. Is j composite?
True
Let w = 332 - 325. Is 8293 + (2 - (1 + w)) composite?
False
Let n = 14249 + -20671. Let q = 5935 - n. Suppose -m + q = -5786. Is m prime?
True
Suppose 0 = -10*y + 15 + 35. Suppose -4*x + 6501 + 484 